{"id":50795,"date":"2020-12-12T13:01:24","date_gmt":"2020-12-12T13:01:24","guid":{"rendered":"http:\/\/resources.sotrender.com\/?p=789\/"},"modified":"2025-02-21T01:44:27","modified_gmt":"2025-02-21T00:44:27","slug":"czy-jest-mozliwosc-eksportu-danych","status":"publish","type":"faq","link":"https:\/\/www.sotrender.com\/blog\/pl\/faq\/czy-jest-mozliwosc-eksportu-danych\/","title":{"rendered":"Czy jest mo\u017cliwo\u015b\u0107 eksportu danych?"},"content":{"rendered":"<p>Tak, dzi\u0119ki Sotrenderowi mo\u017cna eksportowa\u0107 nast\u0119puj\u0105ce dane z poszczeg\u00f3lnych kana\u0142\u00f3w social media:<\/p>\n<ol>\n<li><strong>Facebook<\/strong>: statystyki dzienne i tygodniowe dotycz\u0105ce liczby fan\u00f3w, liczby zaanga\u017cowanych, Interactivity Index, Relative Interactivity Index, liczby aktywno\u015bci, reakcji marki. Mo\u017cna r\u00f3wnie\u017c eksportowa\u0107 posty wraz z ich statystykami.<\/li>\n<li><strong>Instagram<\/strong>: liczba i typ aktywno\u015bci obserwuj\u0105cych, statystyki poszczeg\u00f3lnych post\u00f3w i najlepszych hashtag\u00f3w, aktywno\u015bci marki.<\/li>\n<\/ol>\n<p class=\"p1\">Wszystkie wykresy dost\u0119pne w naszej aplikacji mo\u017cesz pobiera\u0107 pojedynczo (w formacie png, jpg lub pdf).<\/p>\n<p class=\"p1\">Dodatkowo, niezale\u017cnie jaki pakiet posiadasz w Sotrenderze, mo\u017cesz pobra\u0107 te dane jako raport PDF w dowolnym momencie. Je\u015bli posiadasz pakiet Pro lub Enterprise, mo\u017cesz generowa\u0107 raporty tak\u017ce w formatach pptx czy xls.<\/p>\n<div class=\"page\" title=\"Page 2\"><\/div>\n","protected":false},"author":89,"featured_media":2185,"template":"","yoast_head":"<!-- This site is optimized with the Yoast SEO plugin v22.4 - https:\/\/yoast.com\/wordpress\/plugins\/seo\/ -->\n<title>Czy jest mo\u017cliwo\u015b\u0107 eksportu danych z Sotrendera?<\/title>\n<meta name=\"description\" content=\"Tak, dzi\u0119ki Sotrenderowi mo\u017cna eksportowa\u0107 nast\u0119puj\u0105ce dane z poszczeg\u00f3lnych kana\u0142\u00f3w social media: Facebook: statystyki dzienne i tygodniowe dotycz\u0105ce\" \/>\n<meta name=\"robots\" content=\"index, follow, max-snippet:-1, max-image-preview:large, max-video-preview:-1\" \/>\n<link rel=\"canonical\" href=\"https:\/\/www.sotrender.com\/blog\/pl\/faq\/czy-jest-mozliwosc-eksportu-danych\/\" \/>\n<meta property=\"og:locale\" content=\"pl_PL\" \/>\n<meta property=\"og:type\" content=\"article\" \/>\n<meta property=\"og:title\" content=\"Czy jest mo\u017cliwo\u015b\u0107 eksportu danych z Sotrendera?\" \/>\n<meta property=\"og:description\" content=\"Tak, dzi\u0119ki Sotrenderowi mo\u017cna eksportowa\u0107 nast\u0119puj\u0105ce dane z poszczeg\u00f3lnych kana\u0142\u00f3w social media: Facebook: statystyki dzienne i tygodniowe dotycz\u0105ce\" \/>\n<meta property=\"og:url\" content=\"https:\/\/www.sotrender.com\/blog\/pl\/faq\/czy-jest-mozliwosc-eksportu-danych\/\" \/>\n<meta property=\"og:site_name\" content=\"Sotrender Blog\" \/>\n<meta property=\"article:publisher\" content=\"https:\/\/www.facebook.com\/Sotrender\" \/>\n<meta property=\"article:modified_time\" content=\"2025-02-21T00:44:27+00:00\" \/>\n<meta name=\"twitter:card\" content=\"summary_large_image\" \/>\n<meta name=\"twitter:site\" content=\"@Sotrender\" \/>\n<meta name=\"twitter:label1\" content=\"Est. reading time\" \/>\n\t<meta name=\"twitter:data1\" content=\"1 minute\" \/>\n<script type=\"application\/ld+json\" class=\"yoast-schema-graph\">{\"@context\":\"https:\/\/schema.org\",\"@graph\":[{\"@type\":\"WebPage\",\"@id\":\"https:\/\/www.sotrender.com\/blog\/pl\/faq\/czy-jest-mozliwosc-eksportu-danych\/\",\"url\":\"https:\/\/www.sotrender.com\/blog\/pl\/faq\/czy-jest-mozliwosc-eksportu-danych\/\",\"name\":\"Czy jest mo\u017cliwo\u015b\u0107 eksportu danych z Sotrendera?\",\"isPartOf\":{\"@id\":\"https:\/\/www.sotrender.com\/blog\/#website\"},\"primaryImageOfPage\":{\"@id\":\"https:\/\/www.sotrender.com\/blog\/pl\/faq\/czy-jest-mozliwosc-eksportu-danych\/#primaryimage\"},\"image\":{\"@id\":\"https:\/\/www.sotrender.com\/blog\/pl\/faq\/czy-jest-mozliwosc-eksportu-danych\/#primaryimage\"},\"thumbnailUrl\":\"\",\"datePublished\":\"2020-12-12T13:01:24+00:00\",\"dateModified\":\"2025-02-21T00:44:27+00:00\",\"description\":\"Tak, dzi\u0119ki Sotrenderowi mo\u017cna eksportowa\u0107 nast\u0119puj\u0105ce dane z poszczeg\u00f3lnych kana\u0142\u00f3w social media: Facebook: statystyki dzienne i tygodniowe dotycz\u0105ce\",\"breadcrumb\":{\"@id\":\"https:\/\/www.sotrender.com\/blog\/pl\/faq\/czy-jest-mozliwosc-eksportu-danych\/#breadcrumb\"},\"inLanguage\":\"pl-PL\",\"potentialAction\":[{\"@type\":\"ReadAction\",\"target\":[\"https:\/\/www.sotrender.com\/blog\/pl\/faq\/czy-jest-mozliwosc-eksportu-danych\/\"]}]},{\"@type\":\"ImageObject\",\"inLanguage\":\"pl-PL\",\"@id\":\"https:\/\/www.sotrender.com\/blog\/pl\/faq\/czy-jest-mozliwosc-eksportu-danych\/#primaryimage\",\"url\":\"\",\"contentUrl\":\"\"},{\"@type\":\"BreadcrumbList\",\"@id\":\"https:\/\/www.sotrender.com\/blog\/pl\/faq\/czy-jest-mozliwosc-eksportu-danych\/#breadcrumb\",\"itemListElement\":[{\"@type\":\"ListItem\",\"position\":1,\"name\":\"Home\",\"item\":\"https:\/\/www.sotrender.com\/blog\/\"},{\"@type\":\"ListItem\",\"position\":2,\"name\":\"Faqs\",\"item\":\"https:\/\/wwwprod.sotrender.com\/blog\/faq\/\"},{\"@type\":\"ListItem\",\"position\":3,\"name\":\"Czy jest mo\u017cliwo\u015b\u0107 eksportu danych?\"}]},{\"@type\":\"WebSite\",\"@id\":\"https:\/\/www.sotrender.com\/blog\/#website\",\"url\":\"https:\/\/www.sotrender.com\/blog\/\",\"name\":\"Sotrender Blog\",\"description\":\"\",\"potentialAction\":[{\"@type\":\"SearchAction\",\"target\":{\"@type\":\"EntryPoint\",\"urlTemplate\":\"https:\/\/www.sotrender.com\/blog\/?s={search_term_string}\"},\"query-input\":\"required name=search_term_string\"}],\"inLanguage\":\"pl-PL\"}]}<\/script>\n<!-- \/ Yoast SEO plugin. -->","yoast_head_json":{"title":"Czy jest mo\u017cliwo\u015b\u0107 eksportu danych z Sotrendera?","description":"Tak, dzi\u0119ki Sotrenderowi mo\u017cna eksportowa\u0107 nast\u0119puj\u0105ce dane z poszczeg\u00f3lnych kana\u0142\u00f3w social media: Facebook: statystyki dzienne i tygodniowe dotycz\u0105ce","robots":{"index":"index","follow":"follow","max-snippet":"max-snippet:-1","max-image-preview":"max-image-preview:large","max-video-preview":"max-video-preview:-1"},"canonical":"https:\/\/www.sotrender.com\/blog\/pl\/faq\/czy-jest-mozliwosc-eksportu-danych\/","og_locale":"pl_PL","og_type":"article","og_title":"Czy jest mo\u017cliwo\u015b\u0107 eksportu danych z Sotrendera?","og_description":"Tak, dzi\u0119ki Sotrenderowi mo\u017cna eksportowa\u0107 nast\u0119puj\u0105ce dane z poszczeg\u00f3lnych kana\u0142\u00f3w social media: Facebook: statystyki dzienne i tygodniowe dotycz\u0105ce","og_url":"https:\/\/www.sotrender.com\/blog\/pl\/faq\/czy-jest-mozliwosc-eksportu-danych\/","og_site_name":"Sotrender Blog","article_publisher":"https:\/\/www.facebook.com\/Sotrender","article_modified_time":"2025-02-21T00:44:27+00:00","twitter_card":"summary_large_image","twitter_site":"@Sotrender","twitter_misc":{"Est. reading time":"1 minute"},"schema":{"@context":"https:\/\/schema.org","@graph":[{"@type":"WebPage","@id":"https:\/\/www.sotrender.com\/blog\/pl\/faq\/czy-jest-mozliwosc-eksportu-danych\/","url":"https:\/\/www.sotrender.com\/blog\/pl\/faq\/czy-jest-mozliwosc-eksportu-danych\/","name":"Czy jest mo\u017cliwo\u015b\u0107 eksportu danych z Sotrendera?","isPartOf":{"@id":"https:\/\/www.sotrender.com\/blog\/#website"},"primaryImageOfPage":{"@id":"https:\/\/www.sotrender.com\/blog\/pl\/faq\/czy-jest-mozliwosc-eksportu-danych\/#primaryimage"},"image":{"@id":"https:\/\/www.sotrender.com\/blog\/pl\/faq\/czy-jest-mozliwosc-eksportu-danych\/#primaryimage"},"thumbnailUrl":"","datePublished":"2020-12-12T13:01:24+00:00","dateModified":"2025-02-21T00:44:27+00:00","description":"Tak, dzi\u0119ki Sotrenderowi mo\u017cna eksportowa\u0107 nast\u0119puj\u0105ce dane z poszczeg\u00f3lnych kana\u0142\u00f3w social media: Facebook: statystyki dzienne i tygodniowe dotycz\u0105ce","breadcrumb":{"@id":"https:\/\/www.sotrender.com\/blog\/pl\/faq\/czy-jest-mozliwosc-eksportu-danych\/#breadcrumb"},"inLanguage":"pl-PL","potentialAction":[{"@type":"ReadAction","target":["https:\/\/www.sotrender.com\/blog\/pl\/faq\/czy-jest-mozliwosc-eksportu-danych\/"]}]},{"@type":"ImageObject","inLanguage":"pl-PL","@id":"https:\/\/www.sotrender.com\/blog\/pl\/faq\/czy-jest-mozliwosc-eksportu-danych\/#primaryimage","url":"","contentUrl":""},{"@type":"BreadcrumbList","@id":"https:\/\/www.sotrender.com\/blog\/pl\/faq\/czy-jest-mozliwosc-eksportu-danych\/#breadcrumb","itemListElement":[{"@type":"ListItem","position":1,"name":"Home","item":"https:\/\/www.sotrender.com\/blog\/"},{"@type":"ListItem","position":2,"name":"Faqs","item":"https:\/\/wwwprod.sotrender.com\/blog\/faq\/"},{"@type":"ListItem","position":3,"name":"Czy jest mo\u017cliwo\u015b\u0107 eksportu danych?"}]},{"@type":"WebSite","@id":"https:\/\/www.sotrender.com\/blog\/#website","url":"https:\/\/www.sotrender.com\/blog\/","name":"Sotrender Blog","description":"","potentialAction":[{"@type":"SearchAction","target":{"@type":"EntryPoint","urlTemplate":"https:\/\/www.sotrender.com\/blog\/?s={search_term_string}"},"query-input":"required name=search_term_string"}],"inLanguage":"pl-PL"}]}},"_links":{"self":[{"href":"https:\/\/www.sotrender.com\/blog\/pl\/wp-json\/wp\/v2\/faq\/50795"}],"collection":[{"href":"https:\/\/www.sotrender.com\/blog\/pl\/wp-json\/wp\/v2\/faq"}],"about":[{"href":"https:\/\/www.sotrender.com\/blog\/pl\/wp-json\/wp\/v2\/types\/faq"}],"author":[{"embeddable":true,"href":"https:\/\/www.sotrender.com\/blog\/pl\/wp-json\/wp\/v2\/users\/89"}],"wp:featuredmedia":[{"embeddable":true,"href":"https:\/\/www.sotrender.com\/blog\/pl\/wp-json\/"}],"wp:attachment":[{"href":"https:\/\/www.sotrender.com\/blog\/pl\/wp-json\/wp\/v2\/media?parent=50795"}],"curies":[{"name":"wp","href":"https:\/\/api.w.org\/{rel}","templated":true}]}}

Czy jest możliwość eksportu danych?

<p>Tak, dzięki Sotrenderowi można eksportować następujące dane z poszczególnych kanałów social media:</p>
<ol>
<li><strong>Facebook</strong>: statystyki dzienne i tygodniowe dotyczące liczby fanów, liczby zaangażowanych, Interactivity Index, Relative Interactivity Index, liczby aktywności, reakcji marki. Można również eksportować posty wraz z ich statystykami.</li>
<li><strong>Instagram</strong>: liczba i typ aktywności obserwujących, statystyki poszczególnych postów i najlepszych hashtagów, aktywności marki.</li>
</ol>
<p class="p1">Wszystkie wykresy dostępne w naszej aplikacji możesz pobierać pojedynczo (w formacie png, jpg lub pdf).</p>
<p class="p1">Dodatkowo, niezależnie jaki pakiet posiadasz w Sotrenderze, możesz pobrać te dane jako raport PDF w dowolnym momencie. Jeśli posiadasz pakiet Pro lub Enterprise, możesz generować raporty także w formatach pptx czy xls.</p>
<div class="page" title="Page 2"></div>

<!-- This site is optimized with the Yoast SEO plugin v22.4 - https://yoast.com/wordpress/plugins/seo/ -->
<title>Czy jest możliwość eksportu danych z Sotrendera?</title>
<meta name="description" content="Tak, dzięki Sotrenderowi można eksportować następujące dane z poszczególnych kanałów social media: Facebook: statystyki dzienne i tygodniowe dotyczące" />
<meta name="robots" content="index, follow, max-snippet:-1, max-image-preview:large, max-video-preview:-1" />
<link rel="canonical" href="https://www.sotrender.com/blog/pl/faq/czy-jest-mozliwosc-eksportu-danych/" />
<meta property="og:locale" content="pl_PL" />
<meta property="og:type" content="article" />
<meta property="og:title" content="Czy jest możliwość eksportu danych z Sotrendera?" />
<meta property="og:description" content="Tak, dzięki Sotrenderowi można eksportować następujące dane z poszczególnych kanałów social media: Facebook: statystyki dzienne i tygodniowe dotyczące" />
<meta property="og:url" content="https://www.sotrender.com/blog/pl/faq/czy-jest-mozliwosc-eksportu-danych/" />
<meta property="og:site_name" content="Sotrender Blog" />
<meta property="article:publisher" content="https://www.facebook.com/Sotrender" />
<meta property="article:modified_time" content="2025-02-21T00:44:27+00:00" />
<meta name="twitter:card" content="summary_large_image" />
<meta name="twitter:site" content="@Sotrender" />
<meta name="twitter:label1" content="Est. reading time" />
	<meta name="twitter:data1" content="1 minute" />
<script type="application/ld+json" class="yoast-schema-graph">{"@context":"https://schema.org","@graph":[{"@type":"WebPage","@id":"https://www.sotrender.com/blog/pl/faq/czy-jest-mozliwosc-eksportu-danych/","url":"https://www.sotrender.com/blog/pl/faq/czy-jest-mozliwosc-eksportu-danych/","name":"Czy jest możliwość eksportu danych z Sotrendera?","isPartOf":{"@id":"https://www.sotrender.com/blog/#website"},"primaryImageOfPage":{"@id":"https://www.sotrender.com/blog/pl/faq/czy-jest-mozliwosc-eksportu-danych/#primaryimage"},"image":{"@id":"https://www.sotrender.com/blog/pl/faq/czy-jest-mozliwosc-eksportu-danych/#primaryimage"},"thumbnailUrl":"","datePublished":"2020-12-12T13:01:24+00:00","dateModified":"2025-02-21T00:44:27+00:00","description":"Tak, dzięki Sotrenderowi można eksportować następujące dane z poszczególnych kanałów social media: Facebook: statystyki dzienne i tygodniowe dotyczące","breadcrumb":{"@id":"https://www.sotrender.com/blog/pl/faq/czy-jest-mozliwosc-eksportu-danych/#breadcrumb"},"inLanguage":"pl-PL","potentialAction":[{"@type":"ReadAction","target":["https://www.sotrender.com/blog/pl/faq/czy-jest-mozliwosc-eksportu-danych/"]}]},{"@type":"ImageObject","inLanguage":"pl-PL","@id":"https://www.sotrender.com/blog/pl/faq/czy-jest-mozliwosc-eksportu-danych/#primaryimage","url":"","contentUrl":""},{"@type":"BreadcrumbList","@id":"https://www.sotrender.com/blog/pl/faq/czy-jest-mozliwosc-eksportu-danych/#breadcrumb","itemListElement":[{"@type":"ListItem","position":1,"name":"Home","item":"https://www.sotrender.com/blog/"},{"@type":"ListItem","position":2,"name":"Faqs","item":"https://wwwprod.sotrender.com/blog/faq/"},{"@type":"ListItem","position":3,"name":"Czy jest możliwość eksportu danych?"}]},{"@type":"WebSite","@id":"https://www.sotrender.com/blog/#website","url":"https://www.sotrender.com/blog/","name":"Sotrender Blog","description":"","potentialAction":[{"@type":"SearchAction","target":{"@type":"EntryPoint","urlTemplate":"https://www.sotrender.com/blog/?s={search_term_string}"},"query-input":"required name=search_term_string"}],"inLanguage":"pl-PL"}]}</script>
<!-- / Yoast SEO plugin. -->

Czy jest możliwość eksportu danych z Sotrendera?

Tak, dzięki Sotrenderowi można eksportować następujące dane z poszczególnych kanałów social media: Facebook: statystyki dzienne i tygodniowe dotyczące
