{"id":50794,"date":"2016-12-12T12:48:14","date_gmt":"2016-12-12T12:48:14","guid":{"rendered":"http:\/\/resources.sotrender.com\/?p=779\/"},"modified":"2016-12-12T12:48:14","modified_gmt":"2016-12-12T12:48:14","slug":"czy-dodajac-profil-miedzynarodowy-moge-widziec-dane-tylko-dla-polski","status":"publish","type":"faq","link":"https:\/\/www.sotrender.com\/blog\/pl\/faq\/czy-dodajac-profil-miedzynarodowy-moge-widziec-dane-tylko-dla-polski\/","title":{"rendered":"Czy dodaj\u0105c profil mi\u0119dzynarodowy, mog\u0119 widzie\u0107 dane tylko dla Polski?"},"content":{"rendered":"<p>Rozr\u00f3\u017cniamy dwa typy profili mi\u0119dzynarodowych:<\/p>\n<ol>\n<li>Strona globalna<strong> starego typu<\/strong> &#8211; po autoryzacji administratora jeste\u015bmy w stanie pobiera\u0107 dane dla ka\u017cdego kraju, jednak w narz\u0119dziu liczba fan\u00f3w z kraju nie b\u0119dzie pokazana w podstawowych statystykach.<br \/>\nPrzyk\u0142ad strony starego typu:\u00a0<a href=\"https:\/\/www.facebook.com\/TALLYWEiJL.official\/?fref=ts\" target=\"_blank\" rel=\"noopener\">TALLYWEiJL<\/a>.<\/li>\n<li>Strona globalna <strong>nowego typu<\/strong> &#8211; wszystkie dane pokazywane s\u0105 tak samo, jak w przypadku stron lokalnych, dodana jest tylko dodatkowa informacja dotycz\u0105ca globalnej liczby fan\u00f3w (uwaga! by j\u0105 zobaczy\u0107, konieczny jest kontakt z zespo\u0142em Sotrender: <span class=\"email\"><a href=\"mailto:support@sotrender.com\">support@sotrender.com<\/a>)<\/span>.<br \/>\nPrzyk\u0142ad strony nowego typu: <a href=\"https:\/\/www.facebook.com\/cocacolapoland\/?fref=ts\" target=\"_blank\" rel=\"noopener\">Coca-Cola<\/a>.<img loading=\"lazy\" decoding=\"async\" class=\"aligncenter wp-image-799\" src=\"https:\/\/www.sotrender.com\/blog\/wp-content\/uploads\/2016\/12\/3__Coca-Cola-300x184.png\" alt=\"Coca-Cola is an example of new global Facebook profiles.\" width=\"799\" height=\"489\" \/><\/li>\n<\/ol>\n","protected":false},"author":67,"featured_media":2179,"template":"","yoast_head":"<!-- This site is optimized with the Yoast SEO plugin v22.4 - https:\/\/yoast.com\/wordpress\/plugins\/seo\/ -->\n<title>Czy dodaj\u0105c profil mi\u0119dzynarodowy, mog\u0119 widzie\u0107 dane tylko dla Polski? - Sotrender Blog<\/title>\n<meta name=\"description\" content=\"Rozr\u00f3\u017cniamy dwa typy profili mi\u0119dzynarodowych: Strona globalna starego typu - po autoryzacji administratora jeste\u015bmy w stanie pobiera\u0107 dane dla ka\u017cdego\" \/>\n<meta name=\"robots\" content=\"index, follow, max-snippet:-1, max-image-preview:large, max-video-preview:-1\" \/>\n<link rel=\"canonical\" href=\"https:\/\/wwwprod.sotrender.com\/blog\/pl\/faq\/czy-dodajac-profil-miedzynarodowy-moge-widziec-dane-tylko-dla-polski\/\" \/>\n<meta property=\"og:locale\" content=\"pl_PL\" \/>\n<meta property=\"og:type\" content=\"article\" \/>\n<meta property=\"og:title\" content=\"Czy dodaj\u0105c profil mi\u0119dzynarodowy, mog\u0119 widzie\u0107 dane tylko dla Polski? - Sotrender Blog\" \/>\n<meta property=\"og:description\" content=\"Rozr\u00f3\u017cniamy dwa typy profili mi\u0119dzynarodowych: Strona globalna starego typu - po autoryzacji administratora jeste\u015bmy w stanie pobiera\u0107 dane dla ka\u017cdego\" \/>\n<meta property=\"og:url\" content=\"https:\/\/wwwprod.sotrender.com\/blog\/pl\/faq\/czy-dodajac-profil-miedzynarodowy-moge-widziec-dane-tylko-dla-polski\/\" \/>\n<meta property=\"og:site_name\" content=\"Sotrender Blog\" \/>\n<meta property=\"article:publisher\" content=\"https:\/\/www.facebook.com\/Sotrender\" \/>\n<meta property=\"og:image\" content=\"https:\/\/wwwprod.sotrender.com\/blog\/wp-content\/uploads\/2017\/02\/4mta-dkjuag-jonathan-velasquez_2-1.jpg\" \/>\n\t<meta property=\"og:image:width\" content=\"945\" \/>\n\t<meta property=\"og:image:height\" content=\"630\" \/>\n\t<meta property=\"og:image:type\" content=\"image\/jpeg\" \/>\n<meta name=\"twitter:card\" content=\"summary_large_image\" \/>\n<meta name=\"twitter:site\" content=\"@Sotrender\" \/>\n<script type=\"application\/ld+json\" class=\"yoast-schema-graph\">{\"@context\":\"https:\/\/schema.org\",\"@graph\":[{\"@type\":\"WebPage\",\"@id\":\"https:\/\/wwwprod.sotrender.com\/blog\/pl\/faq\/czy-dodajac-profil-miedzynarodowy-moge-widziec-dane-tylko-dla-polski\/\",\"url\":\"https:\/\/wwwprod.sotrender.com\/blog\/pl\/faq\/czy-dodajac-profil-miedzynarodowy-moge-widziec-dane-tylko-dla-polski\/\",\"name\":\"Czy dodaj\u0105c profil mi\u0119dzynarodowy, mog\u0119 widzie\u0107 dane tylko dla Polski? - Sotrender Blog\",\"isPartOf\":{\"@id\":\"https:\/\/www.sotrender.com\/blog\/#website\"},\"primaryImageOfPage\":{\"@id\":\"https:\/\/wwwprod.sotrender.com\/blog\/pl\/faq\/czy-dodajac-profil-miedzynarodowy-moge-widziec-dane-tylko-dla-polski\/#primaryimage\"},\"image\":{\"@id\":\"https:\/\/wwwprod.sotrender.com\/blog\/pl\/faq\/czy-dodajac-profil-miedzynarodowy-moge-widziec-dane-tylko-dla-polski\/#primaryimage\"},\"thumbnailUrl\":\"https:\/\/www.sotrender.com\/blog\/wp-content\/uploads\/2017\/02\/4mta-dkjuag-jonathan-velasquez_2-1.jpg\",\"datePublished\":\"2016-12-12T12:48:14+00:00\",\"dateModified\":\"2016-12-12T12:48:14+00:00\",\"description\":\"Rozr\u00f3\u017cniamy dwa typy profili mi\u0119dzynarodowych: Strona globalna starego typu - po autoryzacji administratora jeste\u015bmy w stanie pobiera\u0107 dane dla ka\u017cdego\",\"breadcrumb\":{\"@id\":\"https:\/\/wwwprod.sotrender.com\/blog\/pl\/faq\/czy-dodajac-profil-miedzynarodowy-moge-widziec-dane-tylko-dla-polski\/#breadcrumb\"},\"inLanguage\":\"pl-PL\",\"potentialAction\":[{\"@type\":\"ReadAction\",\"target\":[\"https:\/\/wwwprod.sotrender.com\/blog\/pl\/faq\/czy-dodajac-profil-miedzynarodowy-moge-widziec-dane-tylko-dla-polski\/\"]}]},{\"@type\":\"ImageObject\",\"inLanguage\":\"pl-PL\",\"@id\":\"https:\/\/wwwprod.sotrender.com\/blog\/pl\/faq\/czy-dodajac-profil-miedzynarodowy-moge-widziec-dane-tylko-dla-polski\/#primaryimage\",\"url\":\"https:\/\/www.sotrender.com\/blog\/wp-content\/uploads\/2017\/02\/4mta-dkjuag-jonathan-velasquez_2-1.jpg\",\"contentUrl\":\"https:\/\/www.sotrender.com\/blog\/wp-content\/uploads\/2017\/02\/4mta-dkjuag-jonathan-velasquez_2-1.jpg\",\"width\":945,\"height\":630},{\"@type\":\"BreadcrumbList\",\"@id\":\"https:\/\/wwwprod.sotrender.com\/blog\/pl\/faq\/czy-dodajac-profil-miedzynarodowy-moge-widziec-dane-tylko-dla-polski\/#breadcrumb\",\"itemListElement\":[{\"@type\":\"ListItem\",\"position\":1,\"name\":\"Home\",\"item\":\"https:\/\/www.sotrender.com\/blog\/\"},{\"@type\":\"ListItem\",\"position\":2,\"name\":\"Faqs\",\"item\":\"https:\/\/wwwprod.sotrender.com\/blog\/faq\/\"},{\"@type\":\"ListItem\",\"position\":3,\"name\":\"Czy dodaj\u0105c profil mi\u0119dzynarodowy, mog\u0119 widzie\u0107 dane tylko dla Polski?\"}]},{\"@type\":\"WebSite\",\"@id\":\"https:\/\/www.sotrender.com\/blog\/#website\",\"url\":\"https:\/\/www.sotrender.com\/blog\/\",\"name\":\"Sotrender Blog\",\"description\":\"\",\"potentialAction\":[{\"@type\":\"SearchAction\",\"target\":{\"@type\":\"EntryPoint\",\"urlTemplate\":\"https:\/\/www.sotrender.com\/blog\/?s={search_term_string}\"},\"query-input\":\"required name=search_term_string\"}],\"inLanguage\":\"pl-PL\"}]}<\/script>\n<!-- \/ Yoast SEO plugin. -->","yoast_head_json":{"title":"Czy dodaj\u0105c profil mi\u0119dzynarodowy, mog\u0119 widzie\u0107 dane tylko dla Polski? - Sotrender Blog","description":"Rozr\u00f3\u017cniamy dwa typy profili mi\u0119dzynarodowych: Strona globalna starego typu - po autoryzacji administratora jeste\u015bmy w stanie pobiera\u0107 dane dla ka\u017cdego","robots":{"index":"index","follow":"follow","max-snippet":"max-snippet:-1","max-image-preview":"max-image-preview:large","max-video-preview":"max-video-preview:-1"},"canonical":"https:\/\/wwwprod.sotrender.com\/blog\/pl\/faq\/czy-dodajac-profil-miedzynarodowy-moge-widziec-dane-tylko-dla-polski\/","og_locale":"pl_PL","og_type":"article","og_title":"Czy dodaj\u0105c profil mi\u0119dzynarodowy, mog\u0119 widzie\u0107 dane tylko dla Polski? - Sotrender Blog","og_description":"Rozr\u00f3\u017cniamy dwa typy profili mi\u0119dzynarodowych: Strona globalna starego typu - po autoryzacji administratora jeste\u015bmy w stanie pobiera\u0107 dane dla ka\u017cdego","og_url":"https:\/\/wwwprod.sotrender.com\/blog\/pl\/faq\/czy-dodajac-profil-miedzynarodowy-moge-widziec-dane-tylko-dla-polski\/","og_site_name":"Sotrender Blog","article_publisher":"https:\/\/www.facebook.com\/Sotrender","og_image":[{"width":945,"height":630,"url":"https:\/\/wwwprod.sotrender.com\/blog\/wp-content\/uploads\/2017\/02\/4mta-dkjuag-jonathan-velasquez_2-1.jpg","type":"image\/jpeg"}],"twitter_card":"summary_large_image","twitter_site":"@Sotrender","schema":{"@context":"https:\/\/schema.org","@graph":[{"@type":"WebPage","@id":"https:\/\/wwwprod.sotrender.com\/blog\/pl\/faq\/czy-dodajac-profil-miedzynarodowy-moge-widziec-dane-tylko-dla-polski\/","url":"https:\/\/wwwprod.sotrender.com\/blog\/pl\/faq\/czy-dodajac-profil-miedzynarodowy-moge-widziec-dane-tylko-dla-polski\/","name":"Czy dodaj\u0105c profil mi\u0119dzynarodowy, mog\u0119 widzie\u0107 dane tylko dla Polski? - Sotrender Blog","isPartOf":{"@id":"https:\/\/www.sotrender.com\/blog\/#website"},"primaryImageOfPage":{"@id":"https:\/\/wwwprod.sotrender.com\/blog\/pl\/faq\/czy-dodajac-profil-miedzynarodowy-moge-widziec-dane-tylko-dla-polski\/#primaryimage"},"image":{"@id":"https:\/\/wwwprod.sotrender.com\/blog\/pl\/faq\/czy-dodajac-profil-miedzynarodowy-moge-widziec-dane-tylko-dla-polski\/#primaryimage"},"thumbnailUrl":"https:\/\/www.sotrender.com\/blog\/wp-content\/uploads\/2017\/02\/4mta-dkjuag-jonathan-velasquez_2-1.jpg","datePublished":"2016-12-12T12:48:14+00:00","dateModified":"2016-12-12T12:48:14+00:00","description":"Rozr\u00f3\u017cniamy dwa typy profili mi\u0119dzynarodowych: Strona globalna starego typu - po autoryzacji administratora jeste\u015bmy w stanie pobiera\u0107 dane dla ka\u017cdego","breadcrumb":{"@id":"https:\/\/wwwprod.sotrender.com\/blog\/pl\/faq\/czy-dodajac-profil-miedzynarodowy-moge-widziec-dane-tylko-dla-polski\/#breadcrumb"},"inLanguage":"pl-PL","potentialAction":[{"@type":"ReadAction","target":["https:\/\/wwwprod.sotrender.com\/blog\/pl\/faq\/czy-dodajac-profil-miedzynarodowy-moge-widziec-dane-tylko-dla-polski\/"]}]},{"@type":"ImageObject","inLanguage":"pl-PL","@id":"https:\/\/wwwprod.sotrender.com\/blog\/pl\/faq\/czy-dodajac-profil-miedzynarodowy-moge-widziec-dane-tylko-dla-polski\/#primaryimage","url":"https:\/\/www.sotrender.com\/blog\/wp-content\/uploads\/2017\/02\/4mta-dkjuag-jonathan-velasquez_2-1.jpg","contentUrl":"https:\/\/www.sotrender.com\/blog\/wp-content\/uploads\/2017\/02\/4mta-dkjuag-jonathan-velasquez_2-1.jpg","width":945,"height":630},{"@type":"BreadcrumbList","@id":"https:\/\/wwwprod.sotrender.com\/blog\/pl\/faq\/czy-dodajac-profil-miedzynarodowy-moge-widziec-dane-tylko-dla-polski\/#breadcrumb","itemListElement":[{"@type":"ListItem","position":1,"name":"Home","item":"https:\/\/www.sotrender.com\/blog\/"},{"@type":"ListItem","position":2,"name":"Faqs","item":"https:\/\/wwwprod.sotrender.com\/blog\/faq\/"},{"@type":"ListItem","position":3,"name":"Czy dodaj\u0105c profil mi\u0119dzynarodowy, mog\u0119 widzie\u0107 dane tylko dla Polski?"}]},{"@type":"WebSite","@id":"https:\/\/www.sotrender.com\/blog\/#website","url":"https:\/\/www.sotrender.com\/blog\/","name":"Sotrender Blog","description":"","potentialAction":[{"@type":"SearchAction","target":{"@type":"EntryPoint","urlTemplate":"https:\/\/www.sotrender.com\/blog\/?s={search_term_string}"},"query-input":"required name=search_term_string"}],"inLanguage":"pl-PL"}]}},"_links":{"self":[{"href":"https:\/\/www.sotrender.com\/blog\/pl\/wp-json\/wp\/v2\/faq\/50794"}],"collection":[{"href":"https:\/\/www.sotrender.com\/blog\/pl\/wp-json\/wp\/v2\/faq"}],"about":[{"href":"https:\/\/www.sotrender.com\/blog\/pl\/wp-json\/wp\/v2\/types\/faq"}],"author":[{"embeddable":true,"href":"https:\/\/www.sotrender.com\/blog\/pl\/wp-json\/wp\/v2\/users\/67"}],"wp:featuredmedia":[{"embeddable":true,"href":"https:\/\/www.sotrender.com\/blog\/pl\/wp-json\/wp\/v2\/media\/2179"}],"wp:attachment":[{"href":"https:\/\/www.sotrender.com\/blog\/pl\/wp-json\/wp\/v2\/media?parent=50794"}],"curies":[{"name":"wp","href":"https:\/\/api.w.org\/{rel}","templated":true}]}}

Czy dodając profil międzynarodowy, mogę widzieć dane tylko dla Polski?

<p>Rozróżniamy dwa typy profili międzynarodowych:</p>
<ol>
<li>Strona globalna<strong> starego typu</strong> &#8211; po autoryzacji administratora jesteśmy w stanie pobierać dane dla każdego kraju, jednak w narzędziu liczba fanów z kraju nie będzie pokazana w podstawowych statystykach.<br />
Przykład strony starego typu: <a href="https://www.facebook.com/TALLYWEiJL.official/?fref=ts" target="_blank" rel="noopener">TALLYWEiJL</a>.</li>
<li>Strona globalna <strong>nowego typu</strong> &#8211; wszystkie dane pokazywane są tak samo, jak w przypadku stron lokalnych, dodana jest tylko dodatkowa informacja dotycząca globalnej liczby fanów (uwaga! by ją zobaczyć, konieczny jest kontakt z zespołem Sotrender: <span class="email"><a href="mailto:support@sotrender.com">support@sotrender.com</a>)</span>.<br />
Przykład strony nowego typu: <a href="https://www.facebook.com/cocacolapoland/?fref=ts" target="_blank" rel="noopener">Coca-Cola</a>.<img loading="lazy" decoding="async" class="aligncenter wp-image-799" src="https://www.sotrender.com/blog/wp-content/uploads/2016/12/3__Coca-Cola-300x184.png" alt="Coca-Cola is an example of new global Facebook profiles." width="799" height="489" /></li>
</ol>

<!-- This site is optimized with the Yoast SEO plugin v22.4 - https://yoast.com/wordpress/plugins/seo/ -->
<title>Czy dodając profil międzynarodowy, mogę widzieć dane tylko dla Polski? - Sotrender Blog</title>
<meta name="description" content="Rozróżniamy dwa typy profili międzynarodowych: Strona globalna starego typu - po autoryzacji administratora jesteśmy w stanie pobierać dane dla każdego" />
<meta name="robots" content="index, follow, max-snippet:-1, max-image-preview:large, max-video-preview:-1" />
<link rel="canonical" href="https://wwwprod.sotrender.com/blog/pl/faq/czy-dodajac-profil-miedzynarodowy-moge-widziec-dane-tylko-dla-polski/" />
<meta property="og:locale" content="pl_PL" />
<meta property="og:type" content="article" />
<meta property="og:title" content="Czy dodając profil międzynarodowy, mogę widzieć dane tylko dla Polski? - Sotrender Blog" />
<meta property="og:description" content="Rozróżniamy dwa typy profili międzynarodowych: Strona globalna starego typu - po autoryzacji administratora jesteśmy w stanie pobierać dane dla każdego" />
<meta property="og:url" content="https://wwwprod.sotrender.com/blog/pl/faq/czy-dodajac-profil-miedzynarodowy-moge-widziec-dane-tylko-dla-polski/" />
<meta property="og:site_name" content="Sotrender Blog" />
<meta property="article:publisher" content="https://www.facebook.com/Sotrender" />
<meta property="og:image" content="https://wwwprod.sotrender.com/blog/wp-content/uploads/2017/02/4mta-dkjuag-jonathan-velasquez_2-1.jpg" />
	<meta property="og:image:width" content="945" />
	<meta property="og:image:height" content="630" />
	<meta property="og:image:type" content="image/jpeg" />
<meta name="twitter:card" content="summary_large_image" />
<meta name="twitter:site" content="@Sotrender" />
<script type="application/ld+json" class="yoast-schema-graph">{"@context":"https://schema.org","@graph":[{"@type":"WebPage","@id":"https://wwwprod.sotrender.com/blog/pl/faq/czy-dodajac-profil-miedzynarodowy-moge-widziec-dane-tylko-dla-polski/","url":"https://wwwprod.sotrender.com/blog/pl/faq/czy-dodajac-profil-miedzynarodowy-moge-widziec-dane-tylko-dla-polski/","name":"Czy dodając profil międzynarodowy, mogę widzieć dane tylko dla Polski? - Sotrender Blog","isPartOf":{"@id":"https://www.sotrender.com/blog/#website"},"primaryImageOfPage":{"@id":"https://wwwprod.sotrender.com/blog/pl/faq/czy-dodajac-profil-miedzynarodowy-moge-widziec-dane-tylko-dla-polski/#primaryimage"},"image":{"@id":"https://wwwprod.sotrender.com/blog/pl/faq/czy-dodajac-profil-miedzynarodowy-moge-widziec-dane-tylko-dla-polski/#primaryimage"},"thumbnailUrl":"https://www.sotrender.com/blog/wp-content/uploads/2017/02/4mta-dkjuag-jonathan-velasquez_2-1.jpg","datePublished":"2016-12-12T12:48:14+00:00","dateModified":"2016-12-12T12:48:14+00:00","description":"Rozróżniamy dwa typy profili międzynarodowych: Strona globalna starego typu - po autoryzacji administratora jesteśmy w stanie pobierać dane dla każdego","breadcrumb":{"@id":"https://wwwprod.sotrender.com/blog/pl/faq/czy-dodajac-profil-miedzynarodowy-moge-widziec-dane-tylko-dla-polski/#breadcrumb"},"inLanguage":"pl-PL","potentialAction":[{"@type":"ReadAction","target":["https://wwwprod.sotrender.com/blog/pl/faq/czy-dodajac-profil-miedzynarodowy-moge-widziec-dane-tylko-dla-polski/"]}]},{"@type":"ImageObject","inLanguage":"pl-PL","@id":"https://wwwprod.sotrender.com/blog/pl/faq/czy-dodajac-profil-miedzynarodowy-moge-widziec-dane-tylko-dla-polski/#primaryimage","url":"https://www.sotrender.com/blog/wp-content/uploads/2017/02/4mta-dkjuag-jonathan-velasquez_2-1.jpg","contentUrl":"https://www.sotrender.com/blog/wp-content/uploads/2017/02/4mta-dkjuag-jonathan-velasquez_2-1.jpg","width":945,"height":630},{"@type":"BreadcrumbList","@id":"https://wwwprod.sotrender.com/blog/pl/faq/czy-dodajac-profil-miedzynarodowy-moge-widziec-dane-tylko-dla-polski/#breadcrumb","itemListElement":[{"@type":"ListItem","position":1,"name":"Home","item":"https://www.sotrender.com/blog/"},{"@type":"ListItem","position":2,"name":"Faqs","item":"https://wwwprod.sotrender.com/blog/faq/"},{"@type":"ListItem","position":3,"name":"Czy dodając profil międzynarodowy, mogę widzieć dane tylko dla Polski?"}]},{"@type":"WebSite","@id":"https://www.sotrender.com/blog/#website","url":"https://www.sotrender.com/blog/","name":"Sotrender Blog","description":"","potentialAction":[{"@type":"SearchAction","target":{"@type":"EntryPoint","urlTemplate":"https://www.sotrender.com/blog/?s={search_term_string}"},"query-input":"required name=search_term_string"}],"inLanguage":"pl-PL"}]}</script>
<!-- / Yoast SEO plugin. -->

Czy dodając profil międzynarodowy, mogę widzieć dane tylko dla Polski? - Sotrender Blog

Rozróżniamy dwa typy profili międzynarodowych: Strona globalna starego typu - po autoryzacji administratora jesteśmy w stanie pobierać dane dla każdego
