{"id":503,"date":"2020-12-09T12:30:12","date_gmt":"2020-12-09T12:30:12","guid":{"rendered":"http:\/\/resources.sotrender.com\/?p=503\/"},"modified":"2020-12-09T12:30:12","modified_gmt":"2020-12-09T12:30:12","slug":"dlaczego-wymagane-jest-podpiecie-konta-na-facebooku-do-sotrendera-czy-da-sie-to-ominac","status":"publish","type":"faq","link":"https:\/\/www.sotrender.com\/blog\/pl\/faq\/dlaczego-wymagane-jest-podpiecie-konta-na-facebooku-do-sotrendera-czy-da-sie-to-ominac\/","title":{"rendered":"Dlaczego wymagane jest podpi\u0119cie konta na Facebooku do Sotrendera? Czy da si\u0119 to omin\u0105\u0107?"},"content":{"rendered":"<p>Podpi\u0119cie\u00a0konta jest nam potrzebne do pobierania danych z <strong>Facebook Insights <\/strong>(lub<strong> Instagram Insights<\/strong>), dzi\u0119ki kt\u00f3rym oferujemy pog\u0142\u0119bione statystki stron na Facebooku (lub Instagramie).<\/p>\n<p><!--more--><\/p>\n<p>Po po\u0142\u0105czeniu aplikacji z Facebookiem, nie mamy dost\u0119pu do prywatnych danych takich, jak na przyk\u0142ad wiadomo\u015bci. Nie pobieramy r\u00f3wnie\u017c danych o \u017cadnych aktywno\u015bciach na profilach prywatnych.<\/p>\n<p>Po po\u0142\u0105czeniu swojego konta facebookowego z Sotrenderem zyskasz mo\u017cliwo\u015b\u0107 analizy danych, kt\u00f3re s\u0105 niedost\u0119pne dla Twojej konkurencji i umo\u017cliwi\u0105 Ci optymalizacj\u0119 Twojej strategii oraz obecnych dzia\u0142a\u0144. Do takich danych (czyli danych insightowych, prywatnych) nale\u017c\u0105 m.in. zasi\u0119g, ranking spo\u0142eczno\u015bci, dane demograficzne, \u017ar\u00f3d\u0142a polubie\u0144, czy wy\u015bwietlenia.<\/p>\n<p>Podobnie dzia\u0142a to w przypadku przekazania Sotrenderowi dost\u0119pu do Twojego profilu na Instagramie. Mo\u017cesz wtedy analizowa\u0107 w naszej aplikacji wszystkie swoje dane za nawet minionych 12 miesi\u0119cy, w zale\u017cno\u015bci od tego, jaki wykupi\u0142e\u015b pakiet.<\/p>\n<p>&nbsp;<\/p>\n","protected":false},"author":89,"featured_media":2179,"template":"","yoast_head":"<!-- This site is optimized with the Yoast SEO plugin v22.4 - https:\/\/yoast.com\/wordpress\/plugins\/seo\/ -->\n<title>Dlaczego wymagane jest podpi\u0119cie konta na Facebooku do Sotrendera?<\/title>\n<meta name=\"description\" content=\"Podpi\u0119cie\u00a0konta jest nam potrzebne do pobierania danych z Facebook Insights, dzi\u0119ki kt\u00f3rym oferujemy pog\u0142\u0119bione statystki stron na Facebooku.\" \/>\n<meta name=\"robots\" content=\"index, follow, max-snippet:-1, max-image-preview:large, max-video-preview:-1\" \/>\n<link rel=\"canonical\" href=\"https:\/\/wwwprod.sotrender.com\/blog\/pl\/faq\/dlaczego-wymagane-jest-podpiecie-konta-na-facebooku-do-sotrendera-czy-da-sie-to-ominac\/\" \/>\n<meta property=\"og:locale\" content=\"pl_PL\" \/>\n<meta property=\"og:type\" content=\"article\" \/>\n<meta property=\"og:title\" content=\"Dlaczego wymagane jest podpi\u0119cie konta na Facebooku do Sotrendera?\" \/>\n<meta property=\"og:description\" content=\"Podpi\u0119cie\u00a0konta jest nam potrzebne do pobierania danych z Facebook Insights, dzi\u0119ki kt\u00f3rym oferujemy pog\u0142\u0119bione statystki stron na Facebooku.\" \/>\n<meta property=\"og:url\" content=\"https:\/\/wwwprod.sotrender.com\/blog\/pl\/faq\/dlaczego-wymagane-jest-podpiecie-konta-na-facebooku-do-sotrendera-czy-da-sie-to-ominac\/\" \/>\n<meta property=\"og:site_name\" content=\"Sotrender Blog\" \/>\n<meta property=\"article:publisher\" content=\"https:\/\/www.facebook.com\/Sotrender\" \/>\n<meta property=\"og:image\" content=\"https:\/\/wwwprod.sotrender.com\/blog\/wp-content\/uploads\/2017\/02\/4mta-dkjuag-jonathan-velasquez_2-1.jpg\" \/>\n\t<meta property=\"og:image:width\" content=\"945\" \/>\n\t<meta property=\"og:image:height\" content=\"630\" \/>\n\t<meta property=\"og:image:type\" content=\"image\/jpeg\" \/>\n<meta name=\"twitter:card\" content=\"summary_large_image\" \/>\n<meta name=\"twitter:site\" content=\"@Sotrender\" \/>\n<meta name=\"twitter:label1\" content=\"Est. reading time\" \/>\n\t<meta name=\"twitter:data1\" content=\"1 minute\" \/>\n<script type=\"application\/ld+json\" class=\"yoast-schema-graph\">{\"@context\":\"https:\/\/schema.org\",\"@graph\":[{\"@type\":\"WebPage\",\"@id\":\"https:\/\/wwwprod.sotrender.com\/blog\/pl\/faq\/dlaczego-wymagane-jest-podpiecie-konta-na-facebooku-do-sotrendera-czy-da-sie-to-ominac\/\",\"url\":\"https:\/\/wwwprod.sotrender.com\/blog\/pl\/faq\/dlaczego-wymagane-jest-podpiecie-konta-na-facebooku-do-sotrendera-czy-da-sie-to-ominac\/\",\"name\":\"Dlaczego wymagane jest podpi\u0119cie konta na Facebooku do Sotrendera?\",\"isPartOf\":{\"@id\":\"https:\/\/www.sotrender.com\/blog\/#website\"},\"primaryImageOfPage\":{\"@id\":\"https:\/\/wwwprod.sotrender.com\/blog\/pl\/faq\/dlaczego-wymagane-jest-podpiecie-konta-na-facebooku-do-sotrendera-czy-da-sie-to-ominac\/#primaryimage\"},\"image\":{\"@id\":\"https:\/\/wwwprod.sotrender.com\/blog\/pl\/faq\/dlaczego-wymagane-jest-podpiecie-konta-na-facebooku-do-sotrendera-czy-da-sie-to-ominac\/#primaryimage\"},\"thumbnailUrl\":\"https:\/\/www.sotrender.com\/blog\/wp-content\/uploads\/2017\/02\/4mta-dkjuag-jonathan-velasquez_2-1.jpg\",\"datePublished\":\"2020-12-09T12:30:12+00:00\",\"dateModified\":\"2020-12-09T12:30:12+00:00\",\"description\":\"Podpi\u0119cie\u00a0konta jest nam potrzebne do pobierania danych z Facebook Insights, dzi\u0119ki kt\u00f3rym oferujemy pog\u0142\u0119bione statystki stron na Facebooku.\",\"breadcrumb\":{\"@id\":\"https:\/\/wwwprod.sotrender.com\/blog\/pl\/faq\/dlaczego-wymagane-jest-podpiecie-konta-na-facebooku-do-sotrendera-czy-da-sie-to-ominac\/#breadcrumb\"},\"inLanguage\":\"pl-PL\",\"potentialAction\":[{\"@type\":\"ReadAction\",\"target\":[\"https:\/\/wwwprod.sotrender.com\/blog\/pl\/faq\/dlaczego-wymagane-jest-podpiecie-konta-na-facebooku-do-sotrendera-czy-da-sie-to-ominac\/\"]}]},{\"@type\":\"ImageObject\",\"inLanguage\":\"pl-PL\",\"@id\":\"https:\/\/wwwprod.sotrender.com\/blog\/pl\/faq\/dlaczego-wymagane-jest-podpiecie-konta-na-facebooku-do-sotrendera-czy-da-sie-to-ominac\/#primaryimage\",\"url\":\"https:\/\/www.sotrender.com\/blog\/wp-content\/uploads\/2017\/02\/4mta-dkjuag-jonathan-velasquez_2-1.jpg\",\"contentUrl\":\"https:\/\/www.sotrender.com\/blog\/wp-content\/uploads\/2017\/02\/4mta-dkjuag-jonathan-velasquez_2-1.jpg\",\"width\":945,\"height\":630},{\"@type\":\"BreadcrumbList\",\"@id\":\"https:\/\/wwwprod.sotrender.com\/blog\/pl\/faq\/dlaczego-wymagane-jest-podpiecie-konta-na-facebooku-do-sotrendera-czy-da-sie-to-ominac\/#breadcrumb\",\"itemListElement\":[{\"@type\":\"ListItem\",\"position\":1,\"name\":\"Home\",\"item\":\"https:\/\/www.sotrender.com\/blog\/\"},{\"@type\":\"ListItem\",\"position\":2,\"name\":\"Faqs\",\"item\":\"https:\/\/wwwprod.sotrender.com\/blog\/faq\/\"},{\"@type\":\"ListItem\",\"position\":3,\"name\":\"Dlaczego wymagane jest podpi\u0119cie konta na Facebooku do Sotrendera? Czy da si\u0119 to omin\u0105\u0107?\"}]},{\"@type\":\"WebSite\",\"@id\":\"https:\/\/www.sotrender.com\/blog\/#website\",\"url\":\"https:\/\/www.sotrender.com\/blog\/\",\"name\":\"Sotrender Blog\",\"description\":\"\",\"potentialAction\":[{\"@type\":\"SearchAction\",\"target\":{\"@type\":\"EntryPoint\",\"urlTemplate\":\"https:\/\/www.sotrender.com\/blog\/?s={search_term_string}\"},\"query-input\":\"required name=search_term_string\"}],\"inLanguage\":\"pl-PL\"}]}<\/script>\n<!-- \/ Yoast SEO plugin. -->","yoast_head_json":{"title":"Dlaczego wymagane jest podpi\u0119cie konta na Facebooku do Sotrendera?","description":"Podpi\u0119cie\u00a0konta jest nam potrzebne do pobierania danych z Facebook Insights, dzi\u0119ki kt\u00f3rym oferujemy pog\u0142\u0119bione statystki stron na Facebooku.","robots":{"index":"index","follow":"follow","max-snippet":"max-snippet:-1","max-image-preview":"max-image-preview:large","max-video-preview":"max-video-preview:-1"},"canonical":"https:\/\/wwwprod.sotrender.com\/blog\/pl\/faq\/dlaczego-wymagane-jest-podpiecie-konta-na-facebooku-do-sotrendera-czy-da-sie-to-ominac\/","og_locale":"pl_PL","og_type":"article","og_title":"Dlaczego wymagane jest podpi\u0119cie konta na Facebooku do Sotrendera?","og_description":"Podpi\u0119cie\u00a0konta jest nam potrzebne do pobierania danych z Facebook Insights, dzi\u0119ki kt\u00f3rym oferujemy pog\u0142\u0119bione statystki stron na Facebooku.","og_url":"https:\/\/wwwprod.sotrender.com\/blog\/pl\/faq\/dlaczego-wymagane-jest-podpiecie-konta-na-facebooku-do-sotrendera-czy-da-sie-to-ominac\/","og_site_name":"Sotrender Blog","article_publisher":"https:\/\/www.facebook.com\/Sotrender","og_image":[{"width":945,"height":630,"url":"https:\/\/wwwprod.sotrender.com\/blog\/wp-content\/uploads\/2017\/02\/4mta-dkjuag-jonathan-velasquez_2-1.jpg","type":"image\/jpeg"}],"twitter_card":"summary_large_image","twitter_site":"@Sotrender","twitter_misc":{"Est. reading time":"1 minute"},"schema":{"@context":"https:\/\/schema.org","@graph":[{"@type":"WebPage","@id":"https:\/\/wwwprod.sotrender.com\/blog\/pl\/faq\/dlaczego-wymagane-jest-podpiecie-konta-na-facebooku-do-sotrendera-czy-da-sie-to-ominac\/","url":"https:\/\/wwwprod.sotrender.com\/blog\/pl\/faq\/dlaczego-wymagane-jest-podpiecie-konta-na-facebooku-do-sotrendera-czy-da-sie-to-ominac\/","name":"Dlaczego wymagane jest podpi\u0119cie konta na Facebooku do Sotrendera?","isPartOf":{"@id":"https:\/\/www.sotrender.com\/blog\/#website"},"primaryImageOfPage":{"@id":"https:\/\/wwwprod.sotrender.com\/blog\/pl\/faq\/dlaczego-wymagane-jest-podpiecie-konta-na-facebooku-do-sotrendera-czy-da-sie-to-ominac\/#primaryimage"},"image":{"@id":"https:\/\/wwwprod.sotrender.com\/blog\/pl\/faq\/dlaczego-wymagane-jest-podpiecie-konta-na-facebooku-do-sotrendera-czy-da-sie-to-ominac\/#primaryimage"},"thumbnailUrl":"https:\/\/www.sotrender.com\/blog\/wp-content\/uploads\/2017\/02\/4mta-dkjuag-jonathan-velasquez_2-1.jpg","datePublished":"2020-12-09T12:30:12+00:00","dateModified":"2020-12-09T12:30:12+00:00","description":"Podpi\u0119cie\u00a0konta jest nam potrzebne do pobierania danych z Facebook Insights, dzi\u0119ki kt\u00f3rym oferujemy pog\u0142\u0119bione statystki stron na Facebooku.","breadcrumb":{"@id":"https:\/\/wwwprod.sotrender.com\/blog\/pl\/faq\/dlaczego-wymagane-jest-podpiecie-konta-na-facebooku-do-sotrendera-czy-da-sie-to-ominac\/#breadcrumb"},"inLanguage":"pl-PL","potentialAction":[{"@type":"ReadAction","target":["https:\/\/wwwprod.sotrender.com\/blog\/pl\/faq\/dlaczego-wymagane-jest-podpiecie-konta-na-facebooku-do-sotrendera-czy-da-sie-to-ominac\/"]}]},{"@type":"ImageObject","inLanguage":"pl-PL","@id":"https:\/\/wwwprod.sotrender.com\/blog\/pl\/faq\/dlaczego-wymagane-jest-podpiecie-konta-na-facebooku-do-sotrendera-czy-da-sie-to-ominac\/#primaryimage","url":"https:\/\/www.sotrender.com\/blog\/wp-content\/uploads\/2017\/02\/4mta-dkjuag-jonathan-velasquez_2-1.jpg","contentUrl":"https:\/\/www.sotrender.com\/blog\/wp-content\/uploads\/2017\/02\/4mta-dkjuag-jonathan-velasquez_2-1.jpg","width":945,"height":630},{"@type":"BreadcrumbList","@id":"https:\/\/wwwprod.sotrender.com\/blog\/pl\/faq\/dlaczego-wymagane-jest-podpiecie-konta-na-facebooku-do-sotrendera-czy-da-sie-to-ominac\/#breadcrumb","itemListElement":[{"@type":"ListItem","position":1,"name":"Home","item":"https:\/\/www.sotrender.com\/blog\/"},{"@type":"ListItem","position":2,"name":"Faqs","item":"https:\/\/wwwprod.sotrender.com\/blog\/faq\/"},{"@type":"ListItem","position":3,"name":"Dlaczego wymagane jest podpi\u0119cie konta na Facebooku do Sotrendera? Czy da si\u0119 to omin\u0105\u0107?"}]},{"@type":"WebSite","@id":"https:\/\/www.sotrender.com\/blog\/#website","url":"https:\/\/www.sotrender.com\/blog\/","name":"Sotrender Blog","description":"","potentialAction":[{"@type":"SearchAction","target":{"@type":"EntryPoint","urlTemplate":"https:\/\/www.sotrender.com\/blog\/?s={search_term_string}"},"query-input":"required name=search_term_string"}],"inLanguage":"pl-PL"}]}},"_links":{"self":[{"href":"https:\/\/www.sotrender.com\/blog\/pl\/wp-json\/wp\/v2\/faq\/503"}],"collection":[{"href":"https:\/\/www.sotrender.com\/blog\/pl\/wp-json\/wp\/v2\/faq"}],"about":[{"href":"https:\/\/www.sotrender.com\/blog\/pl\/wp-json\/wp\/v2\/types\/faq"}],"author":[{"embeddable":true,"href":"https:\/\/www.sotrender.com\/blog\/pl\/wp-json\/wp\/v2\/users\/89"}],"wp:featuredmedia":[{"embeddable":true,"href":"https:\/\/www.sotrender.com\/blog\/pl\/wp-json\/wp\/v2\/media\/2179"}],"wp:attachment":[{"href":"https:\/\/www.sotrender.com\/blog\/pl\/wp-json\/wp\/v2\/media?parent=503"}],"curies":[{"name":"wp","href":"https:\/\/api.w.org\/{rel}","templated":true}]}}

Dlaczego wymagane jest podpięcie konta na Facebooku do Sotrendera? Czy da się to ominąć?

<p>Podpięcie konta jest nam potrzebne do pobierania danych z <strong>Facebook Insights </strong>(lub<strong> Instagram Insights</strong>), dzięki którym oferujemy pogłębione statystki stron na Facebooku (lub Instagramie).</p>
<p><!--more--></p>
<p>Po połączeniu aplikacji z Facebookiem, nie mamy dostępu do prywatnych danych takich, jak na przykład wiadomości. Nie pobieramy również danych o żadnych aktywnościach na profilach prywatnych.</p>
<p>Po połączeniu swojego konta facebookowego z Sotrenderem zyskasz możliwość analizy danych, które są niedostępne dla Twojej konkurencji i umożliwią Ci optymalizację Twojej strategii oraz obecnych działań. Do takich danych (czyli danych insightowych, prywatnych) należą m.in. zasięg, ranking społeczności, dane demograficzne, źródła polubień, czy wyświetlenia.</p>
<p>Podobnie działa to w przypadku przekazania Sotrenderowi dostępu do Twojego profilu na Instagramie. Możesz wtedy analizować w naszej aplikacji wszystkie swoje dane za nawet minionych 12 miesięcy, w zależności od tego, jaki wykupiłeś pakiet.</p>
<p>&nbsp;</p>

<!-- This site is optimized with the Yoast SEO plugin v22.4 - https://yoast.com/wordpress/plugins/seo/ -->
<title>Dlaczego wymagane jest podpięcie konta na Facebooku do Sotrendera?</title>
<meta name="description" content="Podpięcie konta jest nam potrzebne do pobierania danych z Facebook Insights, dzięki którym oferujemy pogłębione statystki stron na Facebooku." />
<meta name="robots" content="index, follow, max-snippet:-1, max-image-preview:large, max-video-preview:-1" />
<link rel="canonical" href="https://wwwprod.sotrender.com/blog/pl/faq/dlaczego-wymagane-jest-podpiecie-konta-na-facebooku-do-sotrendera-czy-da-sie-to-ominac/" />
<meta property="og:locale" content="pl_PL" />
<meta property="og:type" content="article" />
<meta property="og:title" content="Dlaczego wymagane jest podpięcie konta na Facebooku do Sotrendera?" />
<meta property="og:description" content="Podpięcie konta jest nam potrzebne do pobierania danych z Facebook Insights, dzięki którym oferujemy pogłębione statystki stron na Facebooku." />
<meta property="og:url" content="https://wwwprod.sotrender.com/blog/pl/faq/dlaczego-wymagane-jest-podpiecie-konta-na-facebooku-do-sotrendera-czy-da-sie-to-ominac/" />
<meta property="og:site_name" content="Sotrender Blog" />
<meta property="article:publisher" content="https://www.facebook.com/Sotrender" />
<meta property="og:image" content="https://wwwprod.sotrender.com/blog/wp-content/uploads/2017/02/4mta-dkjuag-jonathan-velasquez_2-1.jpg" />
	<meta property="og:image:width" content="945" />
	<meta property="og:image:height" content="630" />
	<meta property="og:image:type" content="image/jpeg" />
<meta name="twitter:card" content="summary_large_image" />
<meta name="twitter:site" content="@Sotrender" />
<meta name="twitter:label1" content="Est. reading time" />
	<meta name="twitter:data1" content="1 minute" />
<script type="application/ld+json" class="yoast-schema-graph">{"@context":"https://schema.org","@graph":[{"@type":"WebPage","@id":"https://wwwprod.sotrender.com/blog/pl/faq/dlaczego-wymagane-jest-podpiecie-konta-na-facebooku-do-sotrendera-czy-da-sie-to-ominac/","url":"https://wwwprod.sotrender.com/blog/pl/faq/dlaczego-wymagane-jest-podpiecie-konta-na-facebooku-do-sotrendera-czy-da-sie-to-ominac/","name":"Dlaczego wymagane jest podpięcie konta na Facebooku do Sotrendera?","isPartOf":{"@id":"https://www.sotrender.com/blog/#website"},"primaryImageOfPage":{"@id":"https://wwwprod.sotrender.com/blog/pl/faq/dlaczego-wymagane-jest-podpiecie-konta-na-facebooku-do-sotrendera-czy-da-sie-to-ominac/#primaryimage"},"image":{"@id":"https://wwwprod.sotrender.com/blog/pl/faq/dlaczego-wymagane-jest-podpiecie-konta-na-facebooku-do-sotrendera-czy-da-sie-to-ominac/#primaryimage"},"thumbnailUrl":"https://www.sotrender.com/blog/wp-content/uploads/2017/02/4mta-dkjuag-jonathan-velasquez_2-1.jpg","datePublished":"2020-12-09T12:30:12+00:00","dateModified":"2020-12-09T12:30:12+00:00","description":"Podpięcie konta jest nam potrzebne do pobierania danych z Facebook Insights, dzięki którym oferujemy pogłębione statystki stron na Facebooku.","breadcrumb":{"@id":"https://wwwprod.sotrender.com/blog/pl/faq/dlaczego-wymagane-jest-podpiecie-konta-na-facebooku-do-sotrendera-czy-da-sie-to-ominac/#breadcrumb"},"inLanguage":"pl-PL","potentialAction":[{"@type":"ReadAction","target":["https://wwwprod.sotrender.com/blog/pl/faq/dlaczego-wymagane-jest-podpiecie-konta-na-facebooku-do-sotrendera-czy-da-sie-to-ominac/"]}]},{"@type":"ImageObject","inLanguage":"pl-PL","@id":"https://wwwprod.sotrender.com/blog/pl/faq/dlaczego-wymagane-jest-podpiecie-konta-na-facebooku-do-sotrendera-czy-da-sie-to-ominac/#primaryimage","url":"https://www.sotrender.com/blog/wp-content/uploads/2017/02/4mta-dkjuag-jonathan-velasquez_2-1.jpg","contentUrl":"https://www.sotrender.com/blog/wp-content/uploads/2017/02/4mta-dkjuag-jonathan-velasquez_2-1.jpg","width":945,"height":630},{"@type":"BreadcrumbList","@id":"https://wwwprod.sotrender.com/blog/pl/faq/dlaczego-wymagane-jest-podpiecie-konta-na-facebooku-do-sotrendera-czy-da-sie-to-ominac/#breadcrumb","itemListElement":[{"@type":"ListItem","position":1,"name":"Home","item":"https://www.sotrender.com/blog/"},{"@type":"ListItem","position":2,"name":"Faqs","item":"https://wwwprod.sotrender.com/blog/faq/"},{"@type":"ListItem","position":3,"name":"Dlaczego wymagane jest podpięcie konta na Facebooku do Sotrendera? Czy da się to ominąć?"}]},{"@type":"WebSite","@id":"https://www.sotrender.com/blog/#website","url":"https://www.sotrender.com/blog/","name":"Sotrender Blog","description":"","potentialAction":[{"@type":"SearchAction","target":{"@type":"EntryPoint","urlTemplate":"https://www.sotrender.com/blog/?s={search_term_string}"},"query-input":"required name=search_term_string"}],"inLanguage":"pl-PL"}]}</script>
<!-- / Yoast SEO plugin. -->

Dlaczego wymagane jest podpięcie konta na Facebooku do Sotrendera?

Podpięcie konta jest nam potrzebne do pobierania danych z Facebook Insights, dzięki którym oferujemy pogłębione statystki stron na Facebooku.
